is divided by 117?
112
Calculate the remainder when 7480 is divided by 2180.
940
What is the remainder when 25146 is divided by 484?
462
Calculate the remainder when 24951 is divided by 58.
11
Calculate the remainder when 3021 is divided by 352.
205
Calculate the remainder when 11158 is divided by 1266.
1030
Calculate the remainder when 28134 is divided by 140.
134
Calculate the remainder when 67683 is divided by 13533.
18
Calculate the remainder when 12859 is divided by 10.
9
What is the remainder when 344991 is divided by 4259?
12
Calculate the remainder when 80149 is divided by 172.
169
Calculate the remainder when 941886 is divided by 64.
62
What is the remainder when 3372 is divided by 104?
44
What is the remainder when 30737 is divided by 1057?
84
Calculate the remainder when 6160 is divided by 39.
37
Calculate the remainder when 174360 is divided by 20.
0
Calculate the remainder when 13935 is divided by 268.
267
Calculate the remainder when 24509 is divided by 569.
42
What is the remainder when 4425 is divided by 72?
33
Calculate the remainder when 143 is divided by 4.
3
Calculate the remainder when 5790 is divided by 406.
106
What is the remainder when 6419 is divided by 401?
3
Calculate the remainder when 558998 is divided by 559.
557
What is the remainder when 1408749 is divided by 216?
213
Calculate the remainder when 894 is divided by 22.
14
What is the remainder when 29554 is divided by 5804?
534
What is the remainder when 9279 is divided by 44?
39
Calculate the remainder when 220 is divided by 38.
30
Calculate the remainder when 518 is divided by 27.
5
What is the remainder when 1035760 is divided by 54?
40
Calculate the remainder when 8105 is divided by 324.
5
What is the remainder when 57416 is divided by 495?
491
What is the remainder when 6753993 is divided by 23?
20
What is the remainder when 22513 is divided by 659?
107
What is the remainder when 919 is divided by 200?
119
Calculate the remainder when 11850 is divided by 367.
106
Calculate the remainder when 85822 is divided by 692.
14
What is the remainder when 187709 is divided by 988?
977
What is the remainder when 52518 is divided by 28?
18
What is the remainder when 54503 is divided by 402?
233
Calculate the remainder when 3532 is divided by 81.
49
Calculate the remainder when 1577 is divided by 91.
30
What is the remainder when 34935 is divided by 44?
43
What is the remainder when 919 is divided by 456?
7
Calculate the remainder when 178140 is divided by 152.
148
Calculate the remainder when 158832 is divided by 1727.
1675
Calculate the remainder when 189065 is divided by 278.
25
Calculate the remainder when 31471 is divided by 15730.
11
Calculate the remainder when 2426 is divided by 150.
26
What is the remainder when 893 is divided by 35?
18
What is the remainder when 971 is divided by 366?
239
What is the remainder when 2913 is divided by 109?
79
Calculate the remainder when 12319 is divided by 96.
31
What is the remainder when 5639 is divided by 235?
234
What is the remainder when 951 is divided by 2?
1
What is the remainder when 3310 is divided by 409?
38
Calculate the remainder when 122363 is divided by 321.
62
Calculate the remainder when 351235 is divided by 2621.
21
What is the remainder when 129348 is divided by 148?
144
Calculate the remainder when 9719 is divided by 2350.
319
Calculate the remainder when 7977 is divided by 14.
11
What is the remainder when 26427 is divided by 1647?
75
What is the remainder when 12745 is divided by 19?
15
Calculate the remainder when 11347 is divided by 1433.
1316
Calculate the remainder when 233393 is divided by 94.
85
Calculate the remainder when 14485 is divided by 1702.
869
Calculate the remainder when 62781 is divided by 898.
819
Calculate the remainder when 228886 is divided by 525.
511
What is the remainder when 1082 is divided by 1059?
23
Calculate the remainder when 6461 is divided by 1822.
995
Calculate the remainder when 1636039 is divided by 975.
964
Calculate the remainder when 3680 is divided by 176.
160
Calculate the remainder when 99494 is divided by 737.
736
Calculate the remainder when 2782 is divided by 90.
82
Calculate the remainder when 16140 is divided by 298.
48
Calculate the remainder when 14726 is divided by 1846.
1804
Calculate the remainder when 73025 is divided by 118.
101
What is the remainder when 283979 is divided by 60?
59
What is the remainder when 7416215 is divided by 83?
82
Calculate the remainder when 24951 is divided by 35.
31
Calculate the remainder when 10172 is divided by 23.
6
What is the remainder when 56646 is divided by 298?
26
Calculate the remainder when 206049 is divided by 42.
39
What is the remainder when 2396 is divided by 15?
11
Calculate the remainder when 14113 is divided by 1411.
3
Calculate the remainder when 14663 is divided by 1331.
22
What is the remainder when 19467 is divided by 6467?
66
What is the remainder when 17132 is divided by 5706?
14
What is the remainder when 7294 is divided by 49?
42
Calculate the remainder when 11067 is divided by 2716.
203
Calculate the remainder when 35430 is divided by 44.
10
Calculate the remainder when 15894 is divided by 1323.
18
Calculate the remainder when 2846 is divided by 1263.
320
What is the remainder when 233 is divided by 86?
61
What is the remainder when 9949 is divided by 71?
9
Calculate the remainder when 1231889 is divided by 427.
421
What is the remainder when 5730 is divided by 89?
34
Calculate the remainder when 922968 is divided by 922946.
22
What is the remainder when 10691 is divided by 5283?
125
What is the remainder when 23914 is divided by 11539?
836
What is the remainder when 213176 is divided by 33?
29
What is the remainder when 60581 is divided by 231?
59
What is the remainder when 2385 is divided by 2375?
10
What is the remainder when 3691 is divided by 578?
223
Calculate the remainder when 12238 is divided by 1040.
798
What is the remainder when 2142 is divided by 655?
177
What is the remainder when 1440 is divided by 1142?
298
What is the remainder when 689191 is divided by 34?
11
What is the remainder when 859874 is divided by 9?
5
Calculate the remainder when 629453 is divided by 260.
253
What is the remainder when 6823 is divided by 950?
173
What is the remainder when 2115 is divided by 174?
27
Calculate the remainder when 4537 is divided by 219.
157
What is the remainder when 15533 is divided by 230?
123
Calculate the remainder when 6126 is divided by 1747.
885
What is the remainder when 2781 is divided by 2622?
159
Calculate the remainder when 14807 is divided by 2114.
9
Calculate the remainder when 876 is divided by 279.
39
What is the remainder when 25139 is divided by 31?
29
Calculate the remainder when 48512 is divided by 287.
9
What is the remainder when 1102445 is divided by 70?
15
What is the remainder when 22347 is divided by 202?
127
What is the remainder when 4767 is divided by 1962?
843
What is the remainder when 2119 is divided by 257?
63
Calculate the remainder when 869 is divided by 239.
152
What is the remainder when 294 is divided by 113?
68
Calculate the remainder when 20761 is divided by 129.
121
Calculate the remainder when 19089 is divided by 52.
5
What is the remainder when 1085 is divided by 47?
4
Calculate the remainder when 1252 is divided by 249.
7
What is the remainder when 934242 is divided by 42?
36
What is the remainder when 668377 is divided by 222791?
4
Calculate the remainder when 13030 is divided by 73.
36
What is the remainder when 3606 is divided by 3581?
25
Calculate the remainder when 1545 is divided by 87.
66
What is the remainder when 13035328 is divided by 1155?
1153
Calculate the remainder when 1372565 is divided by 1372552.
13
What is the remainder when 15410 is divided by 15388?
22
Calculate the remainder when 19090 is divided by 514.
72
Calculate the remainder when 3814302 is divided by 33.
30
Calculate the remainder when 1200 is divided by 381.
57
Calculate the remainder when 34272 is divided by 85.
17
What is the remainder when 6720 is divided by 218?
180
Calculate the remainder when 283 is divided by 225.
58
Calculate the remainder when 1327 is divided by 43.
37
Calculate the remainder when 1205053 is divided by 79.
66
What is the remainder when 